-8 = p - 4, f - 24 = -4*p. Let s = q + f. What is the tens digit of s?
6
Let r(d) be the second derivative of d**4/12 + d**3/6 - 4*d**2 + 34*d. Let m be (-4)/(-10) + (-198)/(-30). What is the tens digit of r(m)?
4
Suppose -26770 = -30*n + 39290. What is the thousands digit of n?
2
Let a(k) = -43*k + 4. Let y be a(-1). Suppose y*z = 52*z - 315. What is the tens digit of z?
6
Let c = 15 - 27. Let i be (-10)/c*2*3. Suppose 5*a - 3*h = 204, 208 = i*a - 2*h + h. What is the tens digit of a?
4
Let f be (-6 - -4)/(2/(-3)). Suppose 0*x + f = -x. What is the units digit of 132/8 - x/6?
7
Let s(m) = 4*m**3 + 3*m**2 - 14. Let h be s(5). What is the units digit of 0 + h/3 + 2?
9
Suppose -7*d = -819 - 553. Suppose -8*w = -d - 444. What is the units digit of w?
0
Let c(o) = 2*o**2 - 27*o - 24. Let u be c(17). What is the tens digit of (21*(-4)/(-6))/(10/u)?
3
Let n(t) = 38*t + 153. What is the units digit of n(16)?
1
Let k(d) = 7*d + 56. What is the units digit of k(-5)?
1
Let u = -50 + 27. Let b = u - -28. Suppose -b*c = -115 - 25. What is the tens digit of c?
2
Suppose -2*p = -4*t - 104, -43 + 15 = 2*t + 5*p. Let z be -19 + (-3 - -1 - -5). Let q = z - t. What is the units digit of q?
8
Let h(p) = -p**3 - 9*p**2 + p + 3. Let n be h(-8). Let v = 126 + n. What is the tens digit of v?
5
What is the units digit of (-87)/(-2)*10 + (7 - 9)?
3
Let n = -62 + 138. Let m be n + 0*(-2)/8. What is the units digit of 3 - 3*m/(-6)?
1
Let y = 397 + -392. Let n(d) = d**3 - 2*d**2 + 3*d - 1. Let h be n(2). Suppose -4*t - y*f + 19 = 0, -7*f - h = -2*f. What is the units digit of t?
6
Let d = 23 - 15. Let k = -6 + d. Suppose -r = -k + 1. What is the units digit of r?
1
Suppose 32466 = 10*b + 11*b. What is the hundreds digit of b?
5
Let z(p) = 3*p - 11. Let b = 32 + -17. Suppose -5*w = -2*w - b. What is the units digit of z(w)?
4
Let d = 15 + -12. Let a be 0 + d - (-1 + -37). Suppose -3*b + 65 = 4*v, -6*b + 4*b - 5*v = -a. What is the tens digit of b?
2
Suppose 0 = 2*j + 5 - 19. Suppose -d = j*d. Suppose 12*y - 10*y - 4 = d. What is the units digit of y?
2
Suppose -25 = -5*z, -2*o - 3*z - 2*z + 37 = 0. Suppose -o*w = -196 - 32. What is the units digit of w?
8
Suppose -700 + 112 = -12*w. Suppose 44*n = w*n - 925. What is the tens digit of n?
8
Let n be (-5)/(25/(-24)) - (-26)/130. Let o(i) = i + 0*i - 16 + 9*i. What is the units digit of o(n)?
4
Let s(r) = -2*r + 8. Let q be s(-4). Let d = 1 + q. What is the tens digit of d?
1
What is the thousands digit of ((-337)/4)/(-2 + (-161)/(-84))?
1
Let y be -45*((-1)/(-4))/((-4)/16). Suppose -729 = -18*s - y. What is the tens digit of s?
3
Let w(a) = -3 + 0 + 47*a - 41*a + 2. What is the hundreds digit of w(27)?
1
Suppose -34986 = -20*p - 14*p. What is the units digit of p?
9
Let c(k) = -k**3 + 8*k**2 + 7*k + 10. Let x be c(9). Let f = 2 + x. Let l = f + 24. What is the tens digit of l?
1
Suppose 0 = -0*l - 3*l + 27. Suppose -5*k = -l*k + 12. Suppose -105 = -3*f - k*g, -2*g - 15 = -f + 2*g. What is the units digit of f?
1
Let u = -1 - -5. Suppose 8*x - 12 = u*x. Let y = x - -3. What is the units digit of y?
6
Let u = 26 + -37. Let q(r) = r**3 + 12*r**2 - 13*r - 7. Let z(w) = 2*w**3 + 25*w**2 - 26*w - 13. Let y(b) = 5*q(b) - 2*z(b). What is the tens digit of y(u)?
1
Let p(h) = h**3 - 9*h**2 + 11*h - 18. Let c be p(8). What is the units digit of c/(-27) + 2/(36/1066)?
9
Let f(n) = 4*n**2 + 9*n + 5. What is the units digit of f(7)?
4
Suppose -x + 16 + 0 = -2*k, -5*k - 4*x - 40 = 0. What is the tens digit of 4/k + 885/10?
8
Let u be -1*(1 + 0)*-7. Let c(t) = -2 + 0*t + 10 - t. What is the units digit of c(u)?
1
Suppose -w - 10 = 5*s - 0, 3*w - 6 = 3*s. What is the hundreds digit of ((-21)/14)/(w - 3/450)?
2
Let w = 15 - 7. Suppose 40 = -3*n + w*n. Suppose r + 1 = n. What is the units digit of r?
7
Suppose -5*k = -26 + 6. Let u be (54/(-4))/(k/(-8)). Suppose -4*z + 29 = 3*w, 3*z + 0*z = -3*w + u. What is the units digit of w?
7
Let k = -813 - -2528. What is the units digit of k?
5
Suppose 2*v + 644 = s - 0*v, -v - 1288 = -2*s. What is the tens digit of s?
4
Let z(h) = 6*h**2 - 76*h + 125. What is the tens digit of z(29)?
6
Let c = -59 - -66. Suppose c + 97 = n. What is the tens digit of n?
0
Let g = -1 + 6. Let b = -1903 - -1908. Suppose -g*m = b*q - 330, -3*m + 0*q + 210 = -q. What is the tens digit of m?
6
Suppose 16*i = -2*n + 14*i + 3220, 5*n - 8051 = -4*i. What is the hundreds digit of n?
6
What is the units digit of 1 + 6 + -20*2385/(-36)?
2
Suppose 2*d + 3*o + 6 = 0, 2*o - 5*o = 12. Let k(w) = w**3 + w**2 - 4*w + 6. Let u be k(d). Suppose -100 + u = -2*f. What is the units digit of f?
5
Let t = 191 - 58. Let k = -54 + t. What is the tens digit of k?
7
Let b = 73 + 1025. What is the hundreds digit of b?
0
Let k = 461 - 243. Suppose -5*q - 17 + k = 2*x, -342 = -4*x + 2*q. What is the tens digit of x?
8
Let f = 67 + 226. What is the tens digit of f?
9
Let f(r) = -r + 1. Let j be f(-4). Let w be (3/(-1))/(-6 + j). Suppose w*v - 21 = v - 3*h, 4*v = h + 49. What is the units digit of v?
2
Suppose 0 = -4*u + 1621 + 151. What is the hundreds digit of u?
4
Suppose 3*t + 6 = -3*x + 21, 5*t - x = 7. Let z(p) = 22*p - 3. What is the units digit of z(t)?
1
Let q(d) = -2644*d + 42. What is the thousands digit of q(-1)?
2
Suppose 0 = 4*p - 4*q - 84, -21 = -0*p - 2*p - 5*q. Let c = 121 + p. What is the hundreds digit of c?
1
Suppose 4*a = 828 + 172. Suppose 0 = -3*h - r + 161, 3*h + 2*h - 2*r - a = 0. What is the tens digit of h?
5
Suppose 16766 + 14446 = 17*f. What is the tens digit of f?
3
Let n = -260 + 1784. What is the hundreds digit of n?
5
Let k(n) = -156*n - 49. What is the tens digit of k(-4)?
7
Let t = -53 + 158. What is the units digit of t?
5
Let f(g) = -g**3 + 9*g**2 + 12*g - 20. Let c be f(10). What is the tens digit of (c + -1)/2*3976/(-28)?
7
Let y(i) = -i**3 - 6*i**2 - 7*i - 6. Let h be y(-5). Suppose 4*u + 2*q - 211 = q, 5*q = -h*u + 223. What is the tens digit of u?
5
Suppose 0 = -3*m - m + 16. Suppose -i + 0*i + p = -7, p + 22 = m*i. What is the units digit of i?
5
Suppose 50 = 4*j - 30. Let r = j - 3. Suppose -r*k + 22*k = 185. What is the tens digit of k?
3
Let d = -4 - -6. Let b = 12 - 10. Suppose -b*u + 9 = 5*p - 0*p, d*p = 2*u - 16. What is the units digit of u?
7
What is the units digit of (-3)/(-3)*(343 + (-1 - 2))?
0
Suppose 13*u - 31*u = -72. Let x = 1 + -1. Suppose x = 4*k - 16, u*k - 79 = -4*p + 45. What is the units digit of p?
7
Let n be (-4)/(-8) + (-21)/6. Let v = 29 - n. Suppose 0 = 5*o + 4*k - 149, k - 4*k + v = o. What is the tens digit of o?
2
Let m = 66 - -6. Suppose 4*l - 36 = m. What is the tens digit of l?
2
Suppose -3*i + i = 3*c + 6, 2*i = -2*c - 2. Suppose -i*k - 40 = -k. Let g = 84 + k. What is the tens digit of g?
6
What is the units digit of (-437)/(-69)*(-90)/(-1)?
0
Let k be (-18717)/(-63) + 2/(-21). What is the units digit of (-10)/4 + k/6?
7
Suppose 2*i = i + 250. Let n = -17 + i. What is the hundreds digit of n?
2
Suppose -3*w + 6 = -9. Suppose -5*a + 159 + 16 = 2*b, -2*b + 182 = -2*a. Suppose -w*y + 15 = -b. What is the tens digit of y?
2
Let c(p) = p. Let t be c(6). Let l(z) = -z + 11. Let k be l(t). Suppose 0*m + k*m = 20. What is the units digit of m?
4
Let w(l) = 3*l - 12. Let s be w(5). Let a be (-3)/(((-18)/4)/s). Suppose -a*t + 66 = t. What is the units digit of t?
2
Let j(y) = -2*y**2 + 4*y - 2. Let s be j(2). What is the tens digit of (-26)/39*3/s + 26?
2
Suppose 5*t + 5 = 5*y + 90, 3*y = -3*t + 39. Suppose 0 = 3*r - t, 0 = -2*q - r - 3*r + 410. What is the hundreds digit of q?
1
Let z(s) = 12*s + 3. Let l(x) = -x. Let t(y) = 4*l(y) + z(y). What is the units digit of t(2)?
9
Let n be (-62)/(-2)*(0 + 5). Let j = n - 87. What is the units digit of j?
8
Let w = -40 + 91. Let m = -16 + 18. Suppose m*j - 27 - w = 0. What is the tens digit of j?
3
Suppose 36*o - 20117 = 47095. What is the hundreds digit of o?
8
Let o = 1646 + -333. What is the hundreds digit of o?
3
Suppose 7*n + 3*n = 2690. What is the units digit of n?
9
Suppose 1014 = 5*y + 5*v - 1746, 0 = -3*y + 4*v + 1642. What is the tens digit of y?
5
Suppose 3*d = -15 + 21. Suppose d*a = -2*a + 192. What is the units digit of a?
8
Let x(g) = g + 4. Suppose -5*a - 6 = -1. Let p = a + 9. What is the tens digit of x(p)?
1
Let w(n) 